of 74522318?
2, 13, 193, 14851
What are the prime factors of 2367308753?
2367308753
What are the prime factors of 28676996?
2, 7169249
What are the prime factors of 61229230?
2, 5, 101, 60623
List the prime factors of 52090562.
2, 163, 159787
What are the prime factors of 267720094?
2, 61, 101, 21727
What are the prime factors of 29947727?
17, 67, 26293
What are the prime factors of 2337013?
7, 563, 593
What are the prime factors of 93265334?
2, 29, 1608023
List the prime factors of 19930883.
7, 2847269
List the prime factors of 2379875783.
1307, 1820869
List the prime factors of 325454646.
2, 3, 11, 23, 29, 7393
List the prime factors of 4339890256.
2, 13, 443, 3623
What are the prime factors of 587526818?
2, 31, 9476239
What are the prime factors of 1187181631?
1187181631
What are the prime factors of 1421236291?
727, 1954933
What are the prime factors of 85256521?
7, 83, 20963
List the prime factors of 19767911.
19767911
What are the prime factors of 1707315459?
3, 73, 7795961
What are the prime factors of 6209575?
5, 149, 1667
List the prime factors of 1764881592.
2, 3, 73536733
What are the prime factors of 30174605?
5, 43, 293, 479
What are the prime factors of 50798215?
5, 13, 781511
What are the prime factors of 99453880?
2, 5, 47, 52901
List the prime factors of 1034506701.
3, 38315063
List the prime factors of 3291992352.
2, 3, 11, 1039139
What are the prime factors of 7898853860?
2, 5, 394942693
What are the prime factors of 3601836750?
2, 3, 5, 17, 101, 2797
What are the prime factors of 150088952?
2, 13, 617, 2339
List the prime factors of 6303600494.
2, 3151800247
List the prime factors of 34729992.
2, 3, 11, 47, 311
What are the prime factors of 3466339850?
2, 5, 701, 98897
What are the prime factors of 1042188201?
3, 3469, 3709
What are the prime factors of 225716113?
7, 101, 319259
What are the prime factors of 10510644?
2, 3, 29, 30203
List the prime factors of 984658261.
19, 1669, 31051
List the prime factors of 56605017.
3, 7, 67, 40231
List the prime factors of 277090375.
5, 89, 24907
List the prime factors of 97439605.
5, 191, 102031
What are the prime factors of 1599681219?
3, 59, 9037747
List the prime factors of 1179076863.
3, 19, 20685559
What are the prime factors of 83466048?
2, 3, 434719
What are the prime factors of 389128677?
3, 7, 18529937
List the prime factors of 576479368.
2, 281, 256441
List the prime factors of 3343363173.
3, 371484797
What are the prime factors of 7652780879?
19, 21198839
What are the prime factors of 1649123737?
1649123737
What are the prime factors of 3305269683?
3, 7219, 50873
List the prime factors of 4872732208.
2, 304545763
What are the prime factors of 126858786?
2, 3, 53, 269, 1483
What are the prime factors of 441852221?
271, 1630451
List the prime factors of 1037502280.
2, 5, 43, 73, 8263
List the prime factors of 62786628.
2, 3, 727, 2399
List the prime factors of 22258804.
2, 19, 292879
List the prime factors of 414210656.
2, 3559, 3637
List the prime factors of 289944076.
2, 72486019
What are the prime factors of 153113854?
2, 76556927
List the prime factors of 192905051.
101, 1909951
List the prime factors of 109003293.
3, 7, 47, 1753
What are the prime factors of 16289714?
2, 7, 1163551
What are the prime factors of 161196939?
3, 109, 54773
List the prime factors of 1224179092.
2, 2557, 119689
What are the prime factors of 646652178?
2, 3, 179, 200699
List the prime factors of 2802626782.
2, 157, 8925563
List the prime factors of 1500334438.
2, 750167219
What are the prime factors of 5104943322?
2, 3, 850823887
List the prime factors of 203004626.
2, 11, 19, 485657
What are the prime factors of 689988455?
5, 13, 149, 191, 373
List the prime factors of 698431444.
2, 9239, 18899
List the prime factors of 303667848.
2, 3, 11, 383419
What are the prime factors of 64059462?
2, 3, 23, 154733
List the prime factors of 31686569.
1709, 18541
What are the prime factors of 922185851?
23, 40095037
List the prime factors of 98945456.
2, 6184091
What are the prime factors of 99818995?
5, 2521, 7919
List the prime factors of 1050108136.
2, 7, 11, 31, 127, 433
What are the prime factors of 58255076?
2, 11, 31, 42709
List the prime factors of 4035187474.
2, 229, 919, 9587
What are the prime factors of 2697355438?
2, 1348677719
List the prime factors of 1979785692.
2, 3, 18331349
List the prime factors of 282359270.
2, 5, 23, 1227649
List the prime factors of 6460928697.
3, 10729, 200731
What are the prime factors of 47002877?
47002877
What are the prime factors of 585165942?
2, 3, 17, 1912307
List the prime factors of 686433375.
3, 5, 610163
List the prime factors of 591672072.
2, 3, 53, 465151
What are the prime factors of 166634665?
5, 33326933
What are the prime factors of 537479015?
5, 107495803
What are the prime factors of 1532420375?
5, 17, 721139
List the prime factors of 431336.
2, 53917
List the prime factors of 176677746.
2, 3, 7, 4206613
List the prime factors of 883468726.
2, 7, 19, 617, 769
What are the prime factors of 23712324?
2, 3, 79, 25013
What are the prime factors of 1051913056?
2, 29, 41, 27647
What are the prime factors of 907901183?
7, 43, 53, 56911
What are the prime factors of 17984536?
2, 2248067
List the prime factors of 3851296950.
2, 3, 5, 25675313
List the prime factors of 556369387.
7, 17, 4675373
What are the prime factors of 660860291?
7, 13, 7262201
What are the prime factors of 670445507?
17, 2437, 16183
What are the prime factors of 2473153676?
2, 7, 17, 742243
List the prime factors of 117635817.
3, 13, 83, 36341
What are the prime factors of 2009151236?
2, 643, 781163
List the prime factors of 37514815.
5, 13, 577151
List the prime factors of 26355230.
2, 5, 11, 263, 911
What are the prime factors of 7322612648?
2, 13, 4423, 15919
List the prime factors of 164772889.
164772889
What are the prime factors of 131990132?
2, 73, 223, 2027
List the prime factors of 901486731.
3, 61, 4926157
What are the prime factors of 45082188?
2, 3, 1252283
List the prime factors of 348714267.
3, 11, 199, 53101
What are the prime factors of 61227700?
2, 5, 29, 43, 491
What are the prime factors of 269399550?
2, 3, 5, 7, 36653
List the prime factors of 142995721.
11, 17, 764683
List the prime factors of 130905415.
5, 41, 113, 5651
List the prime factors of 756011277.
3, 7, 79, 151901
What are the prime factors of 1400412787?
3343, 418909
List the prime factors of 2581372475.
5, 11, 139, 67531
What are the prime factors of 13010654?
2, 6505327
List the prime factors of 7937724631.
19037, 416963
List the prime factors of 105083148.
2, 3, 19, 460891
List the prime factors of 3478639389.
3, 547, 2119829
List the prime factors of 166660046.
2, 7, 11904289
What are the prime factors of 1326859936?
2, 41464373
List the prime factors of 4729307950.
2, 5, 6427, 14717
List the prime factors of 3367154869.
13, 31, 8355223
List the prime factors of 1226419629.
3, 53, 409, 18859
List the prime factors of 50781812.
2, 2029, 6257
List the prime factors of 18141458.
2, 9070729
List the prime factors of 9850326.
2, 3, 1641721
List the prime factors of 733376990.
2, 5, 73337699
List the prime factors of 3788794134.
2, 3, 293, 718391
List the prime factors of 67276178.
2, 499, 67411
List the prime factors of 331405432.
2, 457, 90647
List the prime factors of 6473057628.
2, 3, 539421469
What are the prime factors of 67127030?
2, 5, 337, 19919
What are the prime factors of 1268827233?
3, 103, 4106237
What are the prime factors of 279950913?
3, 11, 109, 25943
List the prime factors of 6440847981.
3, 19, 112997333
List the prime factors of 4540004202.
2, 3, 257, 2944231
List the prime factors of 5464345732.
2, 12539, 108947
What are the prime factors of 180174349?
37, 1741, 2797
List the prime factors of 195691283.
195691283
What are the prime factors of 188641939?
59, 3197321
List the prime factors of 4035790469.
4035790469
List the prime factors of 164866662.
2, 3, 9159259
What are the prime factors of 10626750?
2, 3, 5, 4723
List the prime factors of 125511688.
2, 199, 78839
What are the prime factors of 28888878?
2, 3, 59, 79, 1033
What are the prime factors of 125547979?
163, 770233
What are the prime factors of 2581564?
2, 37, 17443
What are the prime factors of 2909676931?
7, 4156681